uate (-5 - -6 - -7) + -6.
2
23 + -32 - (-1 + -6)
-2
Evaluate 7 + (-6 - (3 - (-4 - -9))).
3
Evaluate -8 - (-3 + 2 + -3).
-4
What is (-3 - 0) + 12 - 6?
3
Calculate (2 - (6 - 4)) + 1.
1
1 + 1 - ((-2 - 3) + 5)
2
Calculate (-9 + 5 - (-3 - 0)) + 0.
-1
Evaluate -1 - (-7 - (-8 + -4)).
-6
What is -6 - (-7 - (-2 - -1)) - -1?
1
0 - -4 - (-1 + 0)
5
What is -1 - -8 - (86 - 80)?
1
What is -21 + 19 + (2 - -2)?
2
What is the value of -11 - (-10 + 17 + -10)?
-8
Evaluate 3 + -2 + (3 - -1).
5
Evaluate 2 - (-2 + 5) - (1 - 2).
0
Calculate 4 - ((-3 - -6) + 2).
-1
Calculate (2 - (0 + 0)) + -17 + 17.
2
What is (6 - 4) + 0 + 1 + -1?
2
What is the value of 1 - -4 - (21 + -16) - 6?
-6
Evaluate 15 + (-18 - -4) + 4.
5
-20 + 19 - ((-1 - 1) + 2)
-1
Evaluate 7 + 0 - 4 - 1.
2
What is -45 + 50 - (0 - -5)?
0
What is (-123 - -119) + (0 - (-1 + 0))?
-3
What is the value of -14 - -4 - -9 - (-2 - -7)?
-6
Evaluate 4 + -5 + 0 + 3 - -2.
4
Calculate 3 - (-3 - -1 - -7).
-2
What is -5 + (-2 - -4) + 1?
-2
What is (-2 - (-5 - -2)) + -2 - 5?
-6
What is the value of -1 + (-1 - 8 - -9)?
-1
(-7 - 0) + -10 + 14
-3
What is 3 + -7 + -8 - (-3 - 1)?
-8
-7 + (5 - -3) - 3
-2
Evaluate 29 + -9 + -6 + (0 - 8).
6
What is the value of 0 - (-10 - (-11 - -9))?
8
(2 - 2) + (33 - 32)
1
Evaluate -4 - (-8 + -8 + 2 + 7).
3
Calculate 2 - (-2 - (-2 + 5) - -2).
5
Calculate 1 + (-5 - 3) + 7.
0
What is (2 - 0) + (1 - 4) + -3?
-4
Evaluate 6 + 2 + 30 + -37.
1
What is 1 - ((-60 - -63) + (-1 - -2))?
-3
-7 - -9 - (3 + -5)
4
1 + (-2 - -4) + 1
4
Evaluate 0 + (1 - (-4 - -2)).
3
Calculate 4 + -5 + 7 + -5.
1
Evaluate (-4 + 1 - -6) + -3.
0
Calculate 8 - (9 - -3) - (-6 + 0).
2
(-1 - 0 - (-5 - -7)) + 3
0
Evaluate -1 - -1 - (3 + (0 - 4)).
1
-1 + 5 + -25 + 6 + 5
-10
(16 - 12) + (-6 - -5)
3
What is the value of -4 - ((-12 - (-6 + -1)) + 7)?
-6
Evaluate -6 - (-5 - ((7 - 17) + 8)).
-3
What is 28 + -21 + (0 - 9)?
-2
3 + -6 + 13 + -15
-5
What is the value of 5 + 5 - 6 - (1 - 2)?
5
What is the value of 1 + -2 + 18 + (30 - 38)?
9
Evaluate 1 + (0 + -3 - 1).
-3
What is -1 + 10 + (-6 - 1)?
2
-1 + (-19 - -24 - (3 + 1))
0
Evaluate 4 + 2 + -11 + 9.
4
Calculate 4 + (-6 - (-3 + -5)).
6
What is the value of -6 + 10 + -1 + 0?
3
What is the value of 5 - 4 - (-4 - -3) - -1?
3
Calculate (1 - 4) + -3 + 1.
-5
Evaluate (4 - 0) + -10 + 3.
-3
Evaluate -5 + (-6 - (-3 + 2)) + 1.
-9
Calculate -9 + 16 + -2 + (0 - 8).
-3
What is (5 - (7 + 2)) + 7?
3
Calculate 4 + -2 + (8 - 11) + 3.
2
What is (-17 - -12) + -3 + 4?
-4
-2 + (-3 - (-7 - -1)) - 2
-1
Calculate -7 - (-4 - ((-2 - 0) + 0)).
-5
7 + (-9 + 1 - -1)
0
What is -3 - -4 - -8 - 4?
5
What is the value of -8 - -10 - (1 + 2)?
-1
What is the value of 0 - 5 - (-1 + -17 + 10)?
3
Evaluate -5 + (2 - (-4 - (0 + -5))).
-4
Calculate (5 - 5) + 0 - -1.
1
What is the value of -22 - -23 - (-1 + 0 + 3)?
-1
What is -1 + 0 + 3 + (5 - 0)?
7
Evaluate 2 + (-9 - -8 - 5).
-4
What is the value of (-8 - (0 + -7)) + -1 - -1?
-1
What is 0 + (-4 - -1) + 0?
-3
(1 - -1) + (2 - 9)
-5
-4 - ((-2 - -10) + -16 - 0)
4
-1 + 6 - (-1 + 4)
2
What is (-4 - 0) + (6 - (-2 + 0))?
4
2 - (3 - 3 - 2 - -1)
3
What is 2 - (10 + 7) - -8?
-7
What is 2 + -12 + 11 + -3?
-2
Calculate 3 + (-3 - 0 - -2).
2
What is -3 + (8 + -4 - 5 - -2)?
-2
What is the value of (-5 + 19 - 6) + -10?
-2
What is the value of -4 - (3 + -1 + -2)?
-4
Evaluate 5 + -4 + 5 - 4.
2
-8 - (4 + -3 + -6)
-3
What is the value of (-9 - -1) + 3 - 0?
-5
(2 - 7) + -13 + 10
-8
Calculate -6 - (5 + -5 - 3).
-3
What is (-5 - -2) + 8 - 4?
1
Evaluate 6 - (3 + -1) - -3.
7
Calculate (-5 - -21) + -2 - 9.
5
Calculate -2 + 0 + -1 + 0 - -7.
4
What is the value of 4 - 6 - -3 - 4?
-3
Evaluate -6 - (-3 + (10 - 7) - 5).
-1
(-4 - -2) + (2 + 0 - 0)
0
Evaluate (-6 - -2) + (9 - 10).
-5
Evaluate -3 + (-4 - (-11 + 1)).
3
(8 + -3 - 5) + (-2 - 2)
-4
What is -86 + 98 + -1 + -5?
6
What is 2 - (-10 + 4 - -12)?
-4
Calculate -3 + 2 + 3 + (3 - 5).
0
What is the value of -1 + (3 - (1 + 6))?
-5
-10 + 0 + 7 + -2
-5
-32 + 36 - (0 + 1 + 8)
-5
Calculate -1 + -2 - (0 - 0).
-3
2 - 4 - (24 - 28)
2
What is the value of 12 + -5 + -8 - -3?
2
What is -9 + -3 - (2 - 3 - 5)?
-6
Calculate (-1 - (5 - (3 - -6))) + -4.
-1
What is the value of (2 - -4) + -6 - (0 + -2)?
2
What is 8 + -5 + 0 + (3 - 2)?
4
What is the value of 4 - 1 - ((-3 - -1) + 4)?
1
What is -5 + -15 + 15 + 1 + 1?
-3
Evaluate (39 - 42) + (7 - (-1 - -2)).
3
What is the value of -8 + 4 - (-4 - 1 - 3)?
4
What is the value of 7 + (-5 - 7) - 1?
-6
What is -9 - (-9 - 8 - -7)?
1
What is the value of -8 + (1 - -5 - 0)?
-2
What is the value of (1 - 3) + 4 + -3?
-1
-1 + -7 + -1 + 4
-5
What is 4 - (-2 - -6) - -3?
3
Evaluate (3 - (2 + 1)) + -1.
-1
What is the value of 1 + -3 + -1 + -4 + 4?
-3
What is the value of 6 + 1 + 4 + -7?
4
3 + -8 + (-2 - (-3 - 3))
-1
What is the value of -6 + 8 + -4 + -1 + -4?
-7
(90 - 99) + (18 - 0)
9
Calculate 2 + 1 + 1 + -2 + 3.
5
Evaluate -7 - (6 + (-4 - 14)).
5
What is 6 - (-2 + 0 + 4 - 1)?
5
Evaluate 0 + 2 + (2 - 6).
-2
Evaluate 6 - 1 - (21 + -14).
-2
What is the value of 7 + (3 - (-4 + 12 + 4))?
-2
What is the value of 3 + 0 + -2 + 1 + -1?
1
-2 - (-3 + -2) - 8
-5
Evaluate -5 - -4 - (2 - 1 - 4).
2
-2 + 6 + (-2 - 0) + 1
3
What is -3 + (-4 - (-6 + 4 + -4))?
-1
Evaluate 9 + -5 - (0 + 4) - 0.
0
-5 - -1 - (-4 + 2)
-2
Calculate (1 - -2) + 4 + (4 - 9).
2
What is 0 + (2 - 2) + (10 - 5)?
5
Calculate 3 + (-13 - -4) + 2.
-4
Calculate -2 + -2 + (1 - (-3 + 3)).
-3
Calculate 0 + (4 - (4 + -1)).
1
(-4 - -1) + -5 + (-5 - -7)
-6
What is the value of (6 - 1) + 1 + 13 + -19?
0
Evaluate 2 - 0 - 2 - (0 + 0).
0
What is the value of (-8 - (-9 + 8)) + (10 - 1)?
2
What is the value of -1 + -3 + (1 - -2)?
-1
Evaluate 1 - 2 - -1 - -5.
5
-3 - (1 - -1) - (4 - 2)
-7
-10 + 7 - 4 - -3
-4
What is 14 + -1 - (7 + (-4 - -3))?
7
Calculate (-8 - -16 - 3) + 0 + -5.
0
Calculate -5 + 0 + 4 + 1.
0
What is (-9 - (-22 - -7)) + -1 + 3?
8
Calculate (-10 - -5 - -12) + -3.
4
Calculate 15 - (20 + -2) - (1 + -8).
4
What is the value of (13 - 22 - -13) + -6?
-2
-4 + 0 - (-1 - -3 - 3)
-3
Calculate 1 - (-10 - (-7 + -6 + 10)).
8
(1 - (4 - -2)) + 0
-5
-4 + 9 + 4 + -3
6
Evaluate -1 + -2 - (-12 + 8).
1
Evaluate 0 + (-3 - -7) + 1.
5
What is 9 + (3 - (10 - -2))?
0
(6 - 1) + -2 - 0
3
What is the value of 0 - 9 - (-16 + -4 + 13)?
-2
What is 8 + (1 - 12) - (-3 - 1)?
1
2 + (3 - (13 - 2))
-6
What is the value of 11 - (-1 - (3 - 9))?
6
What is (-1 - (13 - 5)) + 17?
8
What is (9 - 6) + -1 - 3?
-1
Calculate -2 + 2 + 3 - 2 - -3.
4
What is the value of 0 + (3 - (4 + 1)) + 0?
-2
(-21 - -16) + (1 - 1) + 1
-4
What is the value of -30 + 33 - (5 - 1)?
-1
What is 0 - (-1 + -8 - -4)?
5
What is the value of -4 + 6 + -3 + -5?
-6
1 + -2 + (-4 - -10) + 0
5
Evaluate 6 - (-4 + 4 - -4).
2
Calculate (1 - -1) + -4 + (3 - 3).
-2
What is 68 + -76 - (1 - 3 - 1)?
-5
What is the value of (13 - 7) + -6 + (1 - 0)?
1
Calculate -4 - (-12 - (-6 + 0)).
2
What is 0 + 5 + (-7 - -4)?
2
Evaluate -4 - (-4 + -3 - 2).
5
Calculate 3 - 2 - (9 - 5).
-3
Evaluate 10 + (5 - 6) + -4.
5
What is 4 + (-10 - -16) - 3?
7
3 - (3 + (0 - 4))
4
What is the value of -1 - (-3 - (4 + -8))?
-2
What is (2 - (6 - 4)) + -5?
-5
Evaluate -3 - 6 - 0 - -4.
-5
-2 - (-5 + 3) - -2
2
Evaluate 0 - (-2 + (1 - 2)) - 1.
2
What is the value of 3 + -3 + 0 + -3 + -2?
-5
What is (4 + -9 - -4) + -4 + 0?
-5
What is -4 - 1 - (-4 - 0)?
-1
What is the value of -7 + 14 + -12 - -10?
5
Calculate 6 - ((-2 - 3) + 9).
2
What is 5 + 8 - (4 + 4)?
5
0 - -5 - (14 + -23 + 6)
8
Evaluate -5 - (-5 - (0 - 6)) - -7.
1
What is 3 - (0 + 5 + (-2 - -4))?
-4
Calculate -8 + (16 - -2 - 2).
8
What is -6 - (-7 - 3) - 5?
-1
What is -12 + (5 - -2) + (9 - 3)?
1
Evaluate (11 - 9) + (5 - 2).
5
-5 + (-4 - -10) - 4 - -9
6
Calculate 4 + -2 - (4 - 7).
5
Evaluate (3 + 0 - -8) + -5 + 1.
7
Evaluate (2 - 5) + (-2 - (2 + -4)).
-3
Calculate -12 + (-9 - -5) + 9.
-7
Evaluate -4 - -11 - 4 - -1.
4
What is the value of 3 - (1 - -5 - (5 - 3))?
-1
What is (-2 - 3 - -3) + 4 + -4?
-2
What is -4 - (-1 - 1 - 5)?
3
Evaluate -15 - -16 - (3 - (2 + 0)).
0
What is the value of -68 + 61 + (1 - (-2 + 1))?
-5
Calculate -3 - (1 + -7 - 3).
6
Evaluate 0 - (1 - (5 - 2)).
2
1 + -12 + (129 - 126)
-8
(-3 - (-15 + 4)) + (1 - 4)
5
What is the value of -6 + 17 + -19 + -3 + 3?
-8
Evaluate -1 + 4 + (5 - 4).
4
Evaluate 3 + (5 - 0) + -5.
3
Calculate -6 - (-1 - 2) - (-1 - 1).
-1
-